[INFO] fetching crate gateway 0.0.0...
[INFO] checking gateway-0.0.0 against try#72f88fc4e9458f89516a0b8b0868f3718aec5b47 for pr-74989
[INFO] extracting crate gateway 0.0.0 into /workspace/builds/worker-7/source
[INFO] validating manifest of crates.io crate gateway 0.0.0 on toolchain 72f88fc4e9458f89516a0b8b0868f3718aec5b47
[INFO] running `Command { std: "/workspace/cargo-home/bin/cargo" "+72f88fc4e9458f89516a0b8b0868f3718aec5b47" "read-manifest" "--manifest-path" "Cargo.toml", kill_on_drop: false }`
[INFO] started tweaking crates.io crate gateway 0.0.0
[INFO] finished tweaking crates.io crate gateway 0.0.0
[INFO] tweaked toml for crates.io crate gateway 0.0.0 written to /workspace/builds/worker-7/source/Cargo.toml
[INFO] running `Command { std: "/workspace/cargo-home/bin/cargo" "+72f88fc4e9458f89516a0b8b0868f3718aec5b47" "generate-lockfile" "--manifest-path" "Cargo.toml" "-Zno-index-update", kill_on_drop: false }`
[INFO] running `Command { std: "/workspace/cargo-home/bin/cargo" "+72f88fc4e9458f89516a0b8b0868f3718aec5b47" "fetch" "--locked" "--manifest-path" "Cargo.toml", kill_on_drop: false }`
[INFO] [stderr]  Downloading crates ...
[INFO] [stderr]   Downloaded python3-sys v0.1.3
[INFO] [stderr]   Downloaded cpython v0.1.0
[INFO] [stderr]   Downloaded cpython-json v0.2.0
[INFO] [stderr]   Downloaded crowbar v0.2.0
[INFO] running `Command { std: "docker" "create" "-v" "/var/lib/crater-agent-workspace/builds/worker-7/target:/opt/rustwide/target:rw,Z" "-v" "/var/lib/crater-agent-workspace/builds/worker-7/source:/opt/rustwide/workdir:ro,Z" "-v" "/var/lib/crater-agent-workspace/cargo-home:/opt/rustwide/cargo-home:ro,Z" "-v" "/var/lib/crater-agent-workspace/rustup-home:/opt/rustwide/rustup-home:ro,Z" "-e" "SOURCE_DIR=/opt/rustwide/workdir" "-e" "CARGO_TARGET_DIR=/opt/rustwide/target" "-e" "CARGO_HOME=/opt/rustwide/cargo-home" "-e" "RUSTUP_HOME=/opt/rustwide/rustup-home" "-w" "/opt/rustwide/workdir" "-m" "1610612736" "--user" "0:0" "--network" "none" "rustops/crates-build-env@sha256:d92eaeed33fa75130ca1ee6c8a01d1ffb62bac859dfdfb3450e3e5d1c0146529" "/opt/rustwide/cargo-home/bin/cargo" "+72f88fc4e9458f89516a0b8b0868f3718aec5b47" "metadata" "--no-deps" "--format-version=1", kill_on_drop: false }`
[INFO] [stdout] 42300c9ee913ad7a26483949b598c51e3c11c2f9931440872a12b16db4425e66
[INFO] [stderr] WARNING: Your kernel does not support swap limit capabilities or the cgroup is not mounted. Memory limited without swap.
[INFO] running `Command { std: "docker" "start" "-a" "42300c9ee913ad7a26483949b598c51e3c11c2f9931440872a12b16db4425e66", kill_on_drop: false }`
[INFO] running `Command { std: "docker" "inspect" "42300c9ee913ad7a26483949b598c51e3c11c2f9931440872a12b16db4425e66", kill_on_drop: false }`
[INFO] running `Command { std: "docker" "rm" "-f" "42300c9ee913ad7a26483949b598c51e3c11c2f9931440872a12b16db4425e66", kill_on_drop: false }`
[INFO] [stdout] 42300c9ee913ad7a26483949b598c51e3c11c2f9931440872a12b16db4425e66
[INFO] running `Command { std: "docker" "create" "-v" "/var/lib/crater-agent-workspace/builds/worker-7/target:/opt/rustwide/target:rw,Z" "-v" "/var/lib/crater-agent-workspace/builds/worker-7/source:/opt/rustwide/workdir:ro,Z" "-v" "/var/lib/crater-agent-workspace/cargo-home:/opt/rustwide/cargo-home:ro,Z" "-v" "/var/lib/crater-agent-workspace/rustup-home:/opt/rustwide/rustup-home:ro,Z" "-e" "SOURCE_DIR=/opt/rustwide/workdir" "-e" "CARGO_TARGET_DIR=/opt/rustwide/target" "-e" "CARGO_INCREMENTAL=0" "-e" "RUST_BACKTRACE=full" "-e" "RUSTFLAGS=--cap-lints=forbid" "-e" "CARGO_HOME=/opt/rustwide/cargo-home" "-e" "RUSTUP_HOME=/opt/rustwide/rustup-home" "-w" "/opt/rustwide/workdir" "-m" "1610612736" "--user" "0:0" "--network" "none" "rustops/crates-build-env@sha256:d92eaeed33fa75130ca1ee6c8a01d1ffb62bac859dfdfb3450e3e5d1c0146529" "/opt/rustwide/cargo-home/bin/cargo" "+72f88fc4e9458f89516a0b8b0868f3718aec5b47" "check" "--frozen" "--all" "--all-targets" "--message-format=json", kill_on_drop: false }`
[INFO] [stdout] d74b5997bec9e6c176b3a729cd75d2fdf2d7d7483ac627529782efb3dd51197a
[INFO] [stderr] WARNING: Your kernel does not support swap limit capabilities or the cgroup is not mounted. Memory limited without swap.
[INFO] running `Command { std: "docker" "start" "-a" "d74b5997bec9e6c176b3a729cd75d2fdf2d7d7483ac627529782efb3dd51197a", kill_on_drop: false }`
[INFO] [stderr]    Compiling libc v0.2.77
[INFO] [stderr]    Compiling winapi-build v0.1.1
[INFO] [stderr]    Compiling winapi v0.2.8
[INFO] [stderr]    Compiling regex-syntax v0.3.9
[INFO] [stderr]    Compiling utf8-ranges v0.1.3
[INFO] [stderr]    Compiling autocfg v1.0.1
[INFO] [stderr]    Compiling proc-macro2 v1.0.21
[INFO] [stderr]    Compiling serde v1.0.116
[INFO] [stderr]    Compiling cpython v0.1.0
[INFO] [stderr]    Compiling unicode-xid v0.2.1
[INFO] [stderr]    Compiling syn v1.0.40
[INFO] [stderr]    Compiling serde_derive v1.0.116
[INFO] [stderr]    Compiling kernel32-sys v0.2.2
[INFO] [stderr]    Compiling num-traits v0.2.12
[INFO] [stderr]    Compiling quote v1.0.7
[INFO] [stderr]    Compiling memchr v0.1.11
[INFO] [stderr]    Compiling thread-id v2.0.0
[INFO] [stderr]    Compiling thread_local v0.2.7
[INFO] [stderr]    Compiling aho-corasick v0.5.3
[INFO] [stderr]     Checking num-traits v0.1.43
[INFO] [stderr]    Compiling regex v0.1.80
[INFO] [stderr]    Compiling python3-sys v0.1.3
[INFO] [stdout] error[E0425]: cannot find function, tuple struct or tuple variant `PyEval_ThreadsInitialized` in crate `ffi`
[INFO] [stdout]   --> /opt/rustwide/cargo-home/registry/src/github.com-1ecc6299db9ec823/cpython-0.1.0/src/pythonrun.rs:55:26
[INFO] [stdout]    |
[INFO] [stdout] 55 |             assert!(ffi::PyEval_ThreadsInitialized() != 0);
[INFO] [stdout]    |                          ^^^^^^^^^^^^^^^^^^^^^^^^^ not found in `ffi`
[INFO] [stdout] 
[INFO] [stdout] 
[INFO] [stdout] error[E0425]: cannot find function, tuple struct or tuple variant `PyEval_ThreadsInitialized` in crate `ffi`
[INFO] [stdout]   --> /opt/rustwide/cargo-home/registry/src/github.com-1ecc6299db9ec823/cpython-0.1.0/src/pythonrun.rs:58:26
[INFO] [stdout]    |
[INFO] [stdout] 58 |             assert!(ffi::PyEval_ThreadsInitialized() == 0);
[INFO] [stdout]    |                          ^^^^^^^^^^^^^^^^^^^^^^^^^ not found in `ffi`
[INFO] [stdout] 
[INFO] [stdout] 
[INFO] [stdout] error[E0425]: cannot find function, tuple struct or tuple variant `PyEval_InitThreads` in crate `ffi`
[INFO] [stdout]   --> /opt/rustwide/cargo-home/registry/src/github.com-1ecc6299db9ec823/cpython-0.1.0/src/pythonrun.rs:65:18
[INFO] [stdout]    |
[INFO] [stdout] 65 |             ffi::PyEval_InitThreads();
[INFO] [stdout]    |                  ^^^^^^^^^^^^^^^^^^ help: a function with a similar name exists: `PyEval_SaveThread`
[INFO] [stdout]    | 
[INFO] [stdout]   ::: /opt/rustwide/cargo-home/registry/src/github.com-1ecc6299db9ec823/python3-sys-0.1.3/src/ceval.rs:49:5
[INFO] [stdout]    |
[INFO] [stdout] 49 |     pub fn PyEval_SaveThread() -> *mut PyThreadState;
[INFO] [stdout]    |     ------------------------------------------------- similarly named function `PyEval_SaveThread` defined here
[INFO] [stdout] 
[INFO] [stdout] 
[INFO] [stdout] error[E0425]: cannot find function, tuple struct or tuple variant `PyEval_InitThreads` in crate `ffi`
[INFO] [stdout]    --> /opt/rustwide/cargo-home/registry/src/github.com-1ecc6299db9ec823/cpython-0.1.0/src/lib.rs:333:10
[INFO] [stdout]     |
[INFO] [stdout] 333 |     ffi::PyEval_InitThreads();
[INFO] [stdout]     |          ^^^^^^^^^^^^^^^^^^ help: a function with a similar name exists: `PyEval_SaveThread`
[INFO] [stdout]     | 
[INFO] [stdout]    ::: /opt/rustwide/cargo-home/registry/src/github.com-1ecc6299db9ec823/python3-sys-0.1.3/src/ceval.rs:49:5
[INFO] [stdout]     |
[INFO] [stdout] 49  |     pub fn PyEval_SaveThread() -> *mut PyThreadState;
[INFO] [stdout]     |     ------------------------------------------------- similarly named function `PyEval_SaveThread` defined here
[INFO] [stdout] 
[INFO] [stdout] 
[INFO] [stdout] error: aborting due to 4 previous errors
[INFO] [stdout] 
[INFO] [stdout] 
[INFO] [stdout] For more information about this error, try `rustc --explain E0425`.
[INFO] [stdout] 
[INFO] [stderr] error: could not compile `cpython`.
[INFO] [stderr] 
[INFO] [stderr] To learn more, run the command again with --verbose.
[INFO] [stderr] warning: build failed, waiting for other jobs to finish...
[INFO] [stderr] error: build failed
[INFO] running `Command { std: "docker" "inspect" "d74b5997bec9e6c176b3a729cd75d2fdf2d7d7483ac627529782efb3dd51197a", kill_on_drop: false }`
[INFO] running `Command { std: "docker" "rm" "-f" "d74b5997bec9e6c176b3a729cd75d2fdf2d7d7483ac627529782efb3dd51197a", kill_on_drop: false }`
[INFO] [stdout] d74b5997bec9e6c176b3a729cd75d2fdf2d7d7483ac627529782efb3dd51197a
